{"id":39,"date":"2025-12-14T22:41:44","date_gmt":"2025-12-14T22:41:44","guid":{"rendered":"https:\/\/silly-matsumoto.213-158-90-241.plesk.page\/?page_id=39"},"modified":"2025-12-27T10:35:28","modified_gmt":"2025-12-27T10:35:28","slug":"publications-reports","status":"publish","type":"page","link":"https:\/\/hoctools.inp.demokritos.gr\/index.php\/publications-reports\/","title":{"rendered":"Publications-Reports"},"content":{"rendered":"\t\t<div data-elementor-type=\"wp-page\" data-elementor-id=\"39\" class=\"elementor elementor-39\">\n\t\t\t\t<div class=\"elementor-element elementor-element-4702c903 e-flex e-con-boxed sc_layouts_column_icons_position_left e-con e-parent\" data-id=\"4702c903\" data-element_type=\"container\">\n\t\t\t\t\t<div class=\"e-con-inner\">\n\t\t\t\t<div class=\"elementor-element elementor-element-2fbe91a sc_fly_static elementor-widget elementor-widget-heading\" data-id=\"2fbe91a\" data-element_type=\"widget\" data-widget_type=\"heading.default\">\n\t\t\t\t<div class=\"elementor-widget-container\">\n\t\t\t\t\t<h2 class=\"elementor-heading-title elementor-size-default\">Publications<\/h2>\t\t\t\t<\/div>\n\t\t\t\t<\/div>\n\t\t\t\t<div class=\"elementor-element elementor-element-7cbba538 sc_fly_static elementor-widget elementor-widget-text-editor\" data-id=\"7cbba538\" data-element_type=\"widget\" data-widget_type=\"text-editor.default\">\n\t\t\t\t<div class=\"elementor-widget-container\">\n\t\t\t\t\t\t\t\t\t<ol class=\"wp-block-list\" start=\"1\">\n<li style=\"list-style-type: none;\">\n<ol class=\"wp-block-list\" start=\"1\"><\/ol>\n<\/li>\n<\/ol>\n<ol class=\"wp-block-list\" start=\"1\">\n<li style=\"list-style-type: none;\">\n<ol class=\"wp-block-list\" start=\"1\">\n<li><strong><a href=\"https:\/\/inspirehep.net\/literature\/2931740\" target=\"_blank\" rel=\"noreferrer noopener\">Towards numerical two-loop integrand reduction<\/a><\/strong><br \/>Giuseppe Bevilacqua,\u00a0Dhimiter Canko,\u00a0Costas Papadopoulos,\u00a0Aris Spourdalakis,<br \/>DOI: 10.48550\/arXiv.2506.07231<\/li>\n<li><a href=\"http:\/\/hoctools.inp.demokritos.gr\/wp-content\/uploads\/2025\/12\/978-3-031-76856-9_5.pdf\"><strong>Higher-Order Corrections at the LHC: Current Status and Prospects<\/strong><\/a><br \/>Costas Papadopoulos,<br \/>DOI: 10.1007\/978-3-031-76856-9_5<\/li>\n<li><strong><a href=\"https:\/\/inspirehep.net\/literature\/2829907\" target=\"_blank\" rel=\"noreferrer noopener\">Two-loop amplitude computation with HELAC<\/a><\/strong><br \/>Giuseppe Bevilacqua,\u00a0Dhimiter Canko,\u00a0Costas G. Papadopoulos,\u00a0Aris Spourdalakis,<br \/>DOI: 10.22323\/1.467.0051<\/li>\n<li>\n<p class=\"x_2141430789MsoListParagraph\"><strong><a href=\"https:\/\/inspirehep.net\/literature\/2814951\">QCD higher-order corrections current status and prospects<\/a><\/strong><\/p>\nCostas Papadopoulos,<br \/>DOI: 10.22323\/1.463.0014.\u00a0<\/li>\n<li><strong><a href=\"https:\/\/inspirehep.net\/literature\/2803984\" target=\"_blank\" rel=\"noreferrer noopener\">Analysis of (n+1) and n-parton contributions for computing QCD jet cross sections in the local analytic subtraction scheme Bakar Chargeishvili<\/a><\/strong><br \/>Giuseppe Bevilacqua,\u00a0Adam Kardos,\u00a0Sven-Olaf Moch,\u00a0Zolt\u00e1n Tr\u00f3cs\u00e1nyi,<br \/>DOI: 10.22323\/1.467.0080<\/li>\n<li><strong><a href=\"https:\/\/inspirehep.net\/literature\/2804530\" target=\"_blank\" rel=\"noreferrer noopener\">LASS, the numerics<\/a><\/strong><br \/>A. Kardos,\u00a0G. Bevilacqua,\u00a0B. Chargeishvili,\u00a0S.O. Moch,\u00a0Z. Trocsanyi,<br \/>DOI: 10.22323\/1.467.0079<\/li>\n<li><strong><a href=\"https:\/\/inspirehep.net\/literature\/2704939\" target=\"_blank\" rel=\"noreferrer noopener\">Modelling uncertainties and prompt b-jet identification in\u00a0 tt\u02c9bb\u02c9 production with dilepton signatures at the LHC<\/a><\/strong><br \/>Giuseppe Bevilacqua<\/li>\n<li><strong><a href=\"https:\/\/inspirehep.net\/literature\/2596765\" target=\"_blank\" rel=\"noreferrer noopener\">Progress on Multiloop calculations<\/a><\/strong><br \/>Giuseppe Bevilacqua,\u00a0Dhimiter Canko,\u00a0Adam Kardos,\u00a0Costas Papadopoulos,\u00a0Alexander Smirnov\u00a0<em>et al.<\/em><br \/>DOI: 10.22323\/1.406.0010<\/li>\n<li><strong><a href=\"https:\/\/arxiv.org\/pdf\/2309.14886.pdf\" target=\"_blank\" rel=\"noreferrer noopener\">Two-Loop Amplitude Reduction with HELAC\u00a0<\/a><\/strong><br \/>Giuseppe Bevilacqua, Dhimiter Canko, Costas Papadopoulos,<br \/>arxiv:2309.14886<\/li>\n<li><strong><a href=\"https:\/\/arxiv.org\/pdf\/2212.04722.pdf\" target=\"_blank\" rel=\"noreferrer noopener\">Study of additional jet activity in top quark pair production and decay at the LHC<\/a><\/strong><br \/>Giuseppe Bevilacqua, Michele Lupattelli, Daniel Stremmer, and Ma\u0142gorzata Worek, Phys. Rev. D 107.114027,<br \/>DOI: 10.1103\/PhysRevD.107.114027<\/li>\n<li><strong><a href=\"https:\/\/arxiv.org\/pdf\/2309.17353.pdf\" target=\"_blank\" rel=\"noreferrer noopener\">Modelling uncertainties and prompt b-jet identification in tt\u00afbb\u00af production with dilepton signatures at the LHC<\/a><\/strong><br \/>Giuseppe Bevilacqua,<br \/>arxiv: 2309.17353<\/li>\n<li><strong><a href=\"https:\/\/arxiv.org\/pdf\/2009.13917.pdf\" target=\"_blank\" rel=\"noreferrer noopener\">Analytic representation of all planar two-loop five-point Master Integrals with one off-shell leg<\/a><\/strong><br \/>Dhimiter D. Canko, Costas G. Papadopoulos, Nikolaos Syrrakos,<br \/>DOI: 10.1007\/JHEP01(2021)199<\/li>\n<li><strong><a href=\"https:\/\/arxiv.org\/pdf\/2201.07509.pdf\" target=\"_blank\" rel=\"noreferrer noopener\">Two-loop non-planar hexa-box integrals with one massive leg<\/a><\/strong><br \/>Adam Kardos, Costas G. Papadopoulos, Alexander V. Smirnov, Nikolaos Syrrakos, Christopher Wever,<br \/>DOI:10.1007\/JHEP05(2022)033<\/li>\n<li><strong><a href=\"https:\/\/inspirehep.net\/literature\/1278613\" target=\"_blank\" rel=\"noreferrer noopener\">Simplified differential equations approach for Master Integrals<\/a><\/strong><br \/>Costas G. Papadopoulos,<br \/>DOI: 10.1007\/JHEP07(2014)088\u00a0<\/li>\n<\/ol>\n<\/li>\n<\/ol>\n<p><\/p>\n<p><!-- \/wp:list --><!-- wp:heading --><!-- \/wp:heading --><\/p>\t\t\t\t\t\t\t\t<\/div>\n\t\t\t\t<\/div>\n\t\t\t\t\t<\/div>\n\t\t\t\t<\/div>\n\t\t<div class=\"elementor-element elementor-element-264eabe e-flex e-con-boxed sc_layouts_column_icons_position_left e-con e-parent\" data-id=\"264eabe\" data-element_type=\"container\" data-settings=\"{&quot;background_background&quot;:&quot;classic&quot;}\">\n\t\t\t\t\t<div class=\"e-con-inner\">\n\t\t\t\t<div class=\"elementor-element elementor-element-561b7b4 sc_fly_static elementor-widget elementor-widget-heading\" data-id=\"561b7b4\" data-element_type=\"widget\" data-widget_type=\"heading.default\">\n\t\t\t\t<div class=\"elementor-widget-container\">\n\t\t\t\t\t<h2 class=\"elementor-heading-title elementor-size-default\">Reports<\/h2>\t\t\t\t<\/div>\n\t\t\t\t<\/div>\n\t\t\t\t<div class=\"elementor-element elementor-element-5d9a68e sc_fly_static elementor-widget elementor-widget-text-editor\" data-id=\"5d9a68e\" data-element_type=\"widget\" data-widget_type=\"text-editor.default\">\n\t\t\t\t<div class=\"elementor-widget-container\">\n\t\t\t\t\t\t\t\t\t<ol>\n<li class=\"p1\"><strong><strong><a href=\"http:\/\/hoctools.inp.demokritos.gr\/wp-content\/uploads\/2025\/12\/Two-loop-five-point-non-planar-master-integrals-with-one-massive-leg.pdf\">Two-loop five-point non-planar master integrals with one massive leg\u00a0<\/a><br \/><\/strong><\/strong>\n<p class=\"p1\">Nikolaos Dokmetzoglou,<span class=\"s1\">\u00a0<\/span>Costas G. Papadopoulos<\/p>\n<\/li>\n<li>\n<p class=\"p1\"><a href=\"http:\/\/hoctools.inp.demokritos.gr\/wp-content\/uploads\/2025\/12\/Two-loop-amplitude-reduction-with-HELAC.pdf\"><strong>Two-loop amplitude reduction with HELAC<\/strong><\/a><br \/>Giuseppe Bevilacqua,<span class=\"s1\">\u00a0<\/span>Dhimiter Canko,<span class=\"s1\">\u00a0<\/span>Costas Papadopoulos,<span class=\"s1\">\u00a0<\/span>Aris Spourdalakis<\/p>\n<\/li>\n<\/ol>\t\t\t\t\t\t\t\t<\/div>\n\t\t\t\t<\/div>\n\t\t\t\t\t<\/div>\n\t\t\t\t<\/div>\n\t\t\t\t<\/div>\n\t\t","protected":false},"excerpt":{"rendered":"<p>Publications Reports Two-loop five-point non-planar master integrals with one massive leg\u00a0 Nikolaos Dokmetzoglou,\u00a0Costas G. Papadopoulos Two-loop amplitude reduction with HELACGiuseppe Bevilacqua,\u00a0Dhimiter Canko,\u00a0Costas Papadopoulos,\u00a0Aris Spourdalakis<\/p>\n","protected":false},"author":1,"featured_media":0,"parent":0,"menu_order":0,"comment_status":"closed","ping_status":"closed","template":"","meta":{"footnotes":""},"class_list":["post-39","page","type-page","status-publish","hentry"],"yoast_head":"<!-- This site is optimized with the Yoast SEO plugin v26.6 - https:\/\/yoast.com\/wordpress\/plugins\/seo\/ -->\n<title>Publications-Reports - Hoc-Tools II<\/title>\n<meta name=\"robots\" content=\"index, follow, max-snippet:-1, max-image-preview:large, max-video-preview:-1\" \/>\n<link rel=\"canonical\" href=\"https:\/\/hoctools.inp.demokritos.gr\/index.php\/publications-reports\/\" \/>\n<meta property=\"og:locale\" content=\"en_US\" \/>\n<meta property=\"og:type\" content=\"article\" \/>\n<meta property=\"og:title\" content=\"Publications-Reports - Hoc-Tools II\" \/>\n<meta property=\"og:description\" content=\"Publications Reports Two-loop five-point non-planar master integrals with one massive leg\u00a0 Nikolaos Dokmetzoglou,\u00a0Costas G. Papadopoulos Two-loop amplitude reduction with HELACGiuseppe Bevilacqua,\u00a0Dhimiter Canko,\u00a0Costas Papadopoulos,\u00a0Aris Spourdalakis\" \/>\n<meta property=\"og:url\" content=\"https:\/\/hoctools.inp.demokritos.gr\/index.php\/publications-reports\/\" \/>\n<meta property=\"og:site_name\" content=\"Hoc-Tools II\" \/>\n<meta property=\"article:modified_time\" content=\"2025-12-27T10:35:28+00:00\" \/>\n<meta name=\"twitter:card\" content=\"summary_large_image\" \/>\n<meta name=\"twitter:label1\" content=\"Est. reading time\" \/>\n\t<meta name=\"twitter:data1\" content=\"2 minutes\" \/>\n<script type=\"application\/ld+json\" class=\"yoast-schema-graph\">{\"@context\":\"https:\/\/schema.org\",\"@graph\":[{\"@type\":\"WebPage\",\"@id\":\"https:\/\/hoctools.inp.demokritos.gr\/index.php\/publications-reports\/\",\"url\":\"https:\/\/hoctools.inp.demokritos.gr\/index.php\/publications-reports\/\",\"name\":\"Publications-Reports - Hoc-Tools II\",\"isPartOf\":{\"@id\":\"http:\/\/hoctools.inp.demokritos.gr\/#website\"},\"datePublished\":\"2025-12-14T22:41:44+00:00\",\"dateModified\":\"2025-12-27T10:35:28+00:00\",\"breadcrumb\":{\"@id\":\"https:\/\/hoctools.inp.demokritos.gr\/index.php\/publications-reports\/#breadcrumb\"},\"inLanguage\":\"en-US\",\"potentialAction\":[{\"@type\":\"ReadAction\",\"target\":[\"https:\/\/hoctools.inp.demokritos.gr\/index.php\/publications-reports\/\"]}]},{\"@type\":\"BreadcrumbList\",\"@id\":\"https:\/\/hoctools.inp.demokritos.gr\/index.php\/publications-reports\/#breadcrumb\",\"itemListElement\":[{\"@type\":\"ListItem\",\"position\":1,\"name\":\"Home\",\"item\":\"https:\/\/hoctools.inp.demokritos.gr\/\"},{\"@type\":\"ListItem\",\"position\":2,\"name\":\"Publications-Reports\"}]},{\"@type\":\"WebSite\",\"@id\":\"http:\/\/hoctools.inp.demokritos.gr\/#website\",\"url\":\"http:\/\/hoctools.inp.demokritos.gr\/\",\"name\":\"Hoc-Tools II\",\"description\":\"\",\"publisher\":{\"@id\":\"http:\/\/hoctools.inp.demokritos.gr\/#organization\"},\"potentialAction\":[{\"@type\":\"SearchAction\",\"target\":{\"@type\":\"EntryPoint\",\"urlTemplate\":\"http:\/\/hoctools.inp.demokritos.gr\/?s={search_term_string}\"},\"query-input\":{\"@type\":\"PropertyValueSpecification\",\"valueRequired\":true,\"valueName\":\"search_term_string\"}}],\"inLanguage\":\"en-US\"},{\"@type\":\"Organization\",\"@id\":\"http:\/\/hoctools.inp.demokritos.gr\/#organization\",\"name\":\"Hoc-Tools II\",\"url\":\"http:\/\/hoctools.inp.demokritos.gr\/\",\"logo\":{\"@type\":\"ImageObject\",\"inLanguage\":\"en-US\",\"@id\":\"http:\/\/hoctools.inp.demokritos.gr\/#\/schema\/logo\/image\/\",\"url\":\"https:\/\/hoctools.inp.demokritos.gr\/wp-content\/uploads\/2025\/12\/logo-1.png\",\"contentUrl\":\"https:\/\/hoctools.inp.demokritos.gr\/wp-content\/uploads\/2025\/12\/logo-1.png\",\"width\":627,\"height\":248,\"caption\":\"Hoc-Tools II\"},\"image\":{\"@id\":\"http:\/\/hoctools.inp.demokritos.gr\/#\/schema\/logo\/image\/\"}}]}<\/script>\n<!-- \/ Yoast SEO plugin. -->","yoast_head_json":{"title":"Publications-Reports - Hoc-Tools II","robots":{"index":"index","follow":"follow","max-snippet":"max-snippet:-1","max-image-preview":"max-image-preview:large","max-video-preview":"max-video-preview:-1"},"canonical":"https:\/\/hoctools.inp.demokritos.gr\/index.php\/publications-reports\/","og_locale":"en_US","og_type":"article","og_title":"Publications-Reports - Hoc-Tools II","og_description":"Publications Reports Two-loop five-point non-planar master integrals with one massive leg\u00a0 Nikolaos Dokmetzoglou,\u00a0Costas G. Papadopoulos Two-loop amplitude reduction with HELACGiuseppe Bevilacqua,\u00a0Dhimiter Canko,\u00a0Costas Papadopoulos,\u00a0Aris Spourdalakis","og_url":"https:\/\/hoctools.inp.demokritos.gr\/index.php\/publications-reports\/","og_site_name":"Hoc-Tools II","article_modified_time":"2025-12-27T10:35:28+00:00","twitter_card":"summary_large_image","twitter_misc":{"Est. reading time":"2 minutes"},"schema":{"@context":"https:\/\/schema.org","@graph":[{"@type":"WebPage","@id":"https:\/\/hoctools.inp.demokritos.gr\/index.php\/publications-reports\/","url":"https:\/\/hoctools.inp.demokritos.gr\/index.php\/publications-reports\/","name":"Publications-Reports - Hoc-Tools II","isPartOf":{"@id":"http:\/\/hoctools.inp.demokritos.gr\/#website"},"datePublished":"2025-12-14T22:41:44+00:00","dateModified":"2025-12-27T10:35:28+00:00","breadcrumb":{"@id":"https:\/\/hoctools.inp.demokritos.gr\/index.php\/publications-reports\/#breadcrumb"},"inLanguage":"en-US","potentialAction":[{"@type":"ReadAction","target":["https:\/\/hoctools.inp.demokritos.gr\/index.php\/publications-reports\/"]}]},{"@type":"BreadcrumbList","@id":"https:\/\/hoctools.inp.demokritos.gr\/index.php\/publications-reports\/#breadcrumb","itemListElement":[{"@type":"ListItem","position":1,"name":"Home","item":"https:\/\/hoctools.inp.demokritos.gr\/"},{"@type":"ListItem","position":2,"name":"Publications-Reports"}]},{"@type":"WebSite","@id":"http:\/\/hoctools.inp.demokritos.gr\/#website","url":"http:\/\/hoctools.inp.demokritos.gr\/","name":"Hoc-Tools II","description":"","publisher":{"@id":"http:\/\/hoctools.inp.demokritos.gr\/#organization"},"potentialAction":[{"@type":"SearchAction","target":{"@type":"EntryPoint","urlTemplate":"http:\/\/hoctools.inp.demokritos.gr\/?s={search_term_string}"},"query-input":{"@type":"PropertyValueSpecification","valueRequired":true,"valueName":"search_term_string"}}],"inLanguage":"en-US"},{"@type":"Organization","@id":"http:\/\/hoctools.inp.demokritos.gr\/#organization","name":"Hoc-Tools II","url":"http:\/\/hoctools.inp.demokritos.gr\/","logo":{"@type":"ImageObject","inLanguage":"en-US","@id":"http:\/\/hoctools.inp.demokritos.gr\/#\/schema\/logo\/image\/","url":"https:\/\/hoctools.inp.demokritos.gr\/wp-content\/uploads\/2025\/12\/logo-1.png","contentUrl":"https:\/\/hoctools.inp.demokritos.gr\/wp-content\/uploads\/2025\/12\/logo-1.png","width":627,"height":248,"caption":"Hoc-Tools II"},"image":{"@id":"http:\/\/hoctools.inp.demokritos.gr\/#\/schema\/logo\/image\/"}}]}},"jetpack_sharing_enabled":true,"_links":{"self":[{"href":"https:\/\/hoctools.inp.demokritos.gr\/index.php\/wp-json\/wp\/v2\/pages\/39","targetHints":{"allow":["GET"]}}],"collection":[{"href":"https:\/\/hoctools.inp.demokritos.gr\/index.php\/wp-json\/wp\/v2\/pages"}],"about":[{"href":"https:\/\/hoctools.inp.demokritos.gr\/index.php\/wp-json\/wp\/v2\/types\/page"}],"author":[{"embeddable":true,"href":"https:\/\/hoctools.inp.demokritos.gr\/index.php\/wp-json\/wp\/v2\/users\/1"}],"replies":[{"embeddable":true,"href":"https:\/\/hoctools.inp.demokritos.gr\/index.php\/wp-json\/wp\/v2\/comments?post=39"}],"version-history":[{"count":38,"href":"https:\/\/hoctools.inp.demokritos.gr\/index.php\/wp-json\/wp\/v2\/pages\/39\/revisions"}],"predecessor-version":[{"id":455,"href":"https:\/\/hoctools.inp.demokritos.gr\/index.php\/wp-json\/wp\/v2\/pages\/39\/revisions\/455"}],"wp:attachment":[{"href":"https:\/\/hoctools.inp.demokritos.gr\/index.php\/wp-json\/wp\/v2\/media?parent=39"}],"curies":[{"name":"wp","href":"https:\/\/api.w.org\/{rel}","templated":true}]}}